y**2 + 4*y + 2. Let v be w(-2). Let t(a) = 1 + v + a + 0 + 5. Determine t(-5).
7
Suppose v = 6*v - 5. Let u(s) = -3 - 4*s - v + 5*s. Let l be -7 + (0 + 3 - -1). Give u(l).
-7
Let a(p) = p**2 + 5*p - 3. Let s be a(-6). Let q(v) = -1 - s - 4*v + 5*v. Suppose 0*w - w = 0. Give q(w).
-4
Let n(o) = 4*o**2 - 7*o - 13*o**2 - 2 + 8*o**2. What is n(-7)?
-2
Let u(d) = d**2 - 2*d - 4. Let z(m) = -m**2 + 1. Let c(x) = u(x) + 2*z(x). Calculate c(-4).
-10
Let m be ((-1)/3)/((-1)/15). Let d = 1 - 10. Let u = m + d. Let y(v) = -v**3 - 3*v**2 + 3*v + 1. Give y(u).
5
Suppose 2*y - 39 = -3*z - y, -y = 3*z - 29. Let m(j) = j**2 - 7*j - 9. Calculate m(z).
-1
Let m(w) = -w**3 + w**2 + w - 6. Suppose 2*j + j + 5*l = 2, j = l + 6. Let u(d) = -d**2 - 2*d - 1. Let x be u(-1). Let a be -1*2/j*x. Give m(a).
-6
Let v(j) = -j**3 - 3*j**2 - j - 1. Let f be v(-2). Let i = 3 + f. Suppose i*w = w - 5. Let p(t) = -t**3 + 5*t**2 - 2. Give p(w).
-2
Suppose -v - 3*g - 4 = 2*g, 4*v - 7 = 3*g. Let p(y) = 3*y**2 - 3. Let u(b) = -4*b**2 + 2. Let c(h) = 4*p(h) + 6*u(h). What is c(v)?
-12
Let s(v) = -2*v. Let r be 4/5 + 5/25. Let c be (0 - 2)*(-3)/6. Let j = c + r. Calculate s(j).
-4
Suppose 13 = -2*s + 5*k, -s - 3*k = -10 - 0. Let g(x) = x**2. What is g(s)?
1
Let q(s) = -2*s - 7. Suppose -x - 2*y = -6*x - 19, 0 = x + 5*y + 20. Give q(x).
3
Let d(x) = x**3 - 7*x**2 + 7*x - 4. Suppose 3*t - t + 32 = 4*c, -5*c = -t - 34. Calculate d(c).
2
Let h(p) = -3*p**2 + 8*p + p**2 - 13*p - 4. Suppose 2*g + 2*g = 8. Suppose -5*m - 17 = -d - 2, g*m = -d - 6. Calculate h(m).
-7
Let j(f) = 5 - 4 - f - 4*f**2 + 3*f**2. Calculate j(2).
-5
Let z(v) = 7*v**3 + 5 - 7*v + 8*v**3 - 14*v**3 + 5*v**2. What is z(-6)?
11
Let y(z) = 4 - 3 + z**2 - 4*z + 0*z**2 - 8. Calculate y(6).
5
Let y(w) be the third derivative of -w**6/120 - w**5/12 + w**4/4 - 5*w**3/6 - 9*w**2. Give y(-6).
-5
Let d(u) = -5*u**2 + 3*u - 5. Let x(i) = -6*i**2 + 4*i - 6. Let c(s) = -5*d(s) + 4*x(s). Calculate c(-1).
1
Let i(a) = a**2 - 1. Let l(o) = 6*o**2 - o - 6. Let m(z) = 11*i(z) - 2*l(z). Let u be m(-1). Let s be (-22)/6 + u/6. Let p(t) = -t - 1. What is p(s)?
3
Let t(s) = 15*s - 9. Let x(v) = 7*v - 4. Let n(j) = 2*t(j) - 5*x(j). Calculate n(2).
-8
Let u(h) = h**2 + 3*h + 1. Let y be u(-1). Let k be (-5)/y*5/5. Suppose -k*a + 0*a - 3*t = 20, t = 0. Let b(m) = m**3 + 3*m**2 - 2*m + 5. Give b(a).
-3
Let p(i) = -2*i**2 + i + 1. Let m be p(2). Let u = 6 + -4. Let n(t) = -5*t + 5*t + t**3 + 7 + 5*t**u. Determine n(m).
7
Let r(f) = f**3 + 10*f**2 - 10*f + 8. Let d be 5/(10/8) - 15. Calculate r(d).
-3
Suppose 5*w - 5 - 10 = 0. Let c(z) = 6 - z - w*z + 5*z. Determine c(0).
6
Let f(d) = 8*d**3 + d**2 + 5*d - 5. Let m(p) = 3*p**3 + 2*p - 2. Let k(y) = 4*f(y) - 11*m(y). Calculate k(2).
6
Let c(o) = -o + 4. Let w = 49 - -12. Suppose 2*b - 7 = -w. Let q be 4/(-18) + (-141)/b. Give c(q).
-1
Let l be 2 + (-2 - -2 - 4). Let f = 4 + l. Let s(z) = 4*z**2 - z**2 + 0 - z**3 - f. Calculate s(3).
-2
Let k be (-308)/26 + 12/(-78). Let r = k - -7. Let w(y) = -y**2 - 3*y + 4. Give w(r).
-6
Suppose 0*y + y = 9. Let n(j) = j**3 - 8*j**2 - 7*j - 10. What is n(y)?
8
Let q(v) = 0*v + v - 1 - 2*v + 0*v. Let k be q(-6). Let l(g) = 3 + 5*g - 6*g**2 + 0*g**2 + 5*g**2. What is l(k)?
3
Let h(n) be the first derivative of n**3/3 + 5*n**2 + 5*n + 26. Calculate h(-8).
-11
Let b(j) = -2 + 10*j - 7*j - 8. Let m(n) = 8*n - 29. Let d(s) = 17*b(s) - 6*m(s). Calculate d(-4).
-8
Suppose 0 = 4*q + 14 - 6. Let l be 2/(-3 - q) + 10. Suppose g + 3 - l = 0. Let a(u) = -u**2 + 4*u + 1. Determine a(g).
-4
Let d(q) = q**2 - 8*q + 4. Suppose -2*m = 5*g + 21, -m = -2*m - 3*g - 13. Suppose -m*v - 2*k + 10 = -k, 3*k + 12 = v. Give d(v).
-8
Let c(a) = -5*a + 3*a**2 - 2*a**2 - 4 + 3. Let j(p) be the second derivative of -p**5/20 - p**4/2 + 2*p**2 + p. Let y be j(-6). Calculate c(y).
-5
Let i be (-73)/(-5) - (-15)/(-25). Let d = i + -12. Let c(o) = -2*o**3 + 2*o**2 + 2*o - 2. What is c(d)?
-6
Let f(s) be the third derivative of -s**9/20160 + s**5/60 - 3*s**2. Let x(h) be the third derivative of f(h). Let g be x(-1). Let j(m) = -m + 7. Calculate j(g).
4
Let i(o) = o**2 + 7. Let r(h) = h**3 + 7*h**2 - 8*h. Let u be r(-8). Determine i(u).
7
Let n(l) = -6 - 3*l + 3*l + 2*l. Calculate n(5).
4
Let s(j) = 4*j**3 + j**2 + j + 2. Let o(x) = x**3. Let n(z) = -3*o(z) + s(z). Suppose 0 = -0*v + v - 1. Let m be (v + 0)*0/2. Calculate n(m).
2
Let o(k) be the second derivative of -k**5/120 - k**3/3 - k. Let i(h) be the second derivative of o(h). Determine i(1).
-1
Let i(c) be the first derivative of -c**2/2 + c + 6. Let x be 4/(-18) + (-114)/(-27). Suppose -4*w + 5*b - 18 = x, -2 = -b. What is i(w)?
4
Let v(h) be the first derivative of h**3/3 + 5. Let o(w) = w**2 - w - 6. Let s(c) = o(c) - 2*v(c). Give s(0).
-6
Let b(y) = 2*y**2 - y. Let z(r) = -r - 3. Let q be (-2)/(3*(-4)/(-30)). Let h be z(q). What is b(h)?
6
Let g(a) = -3*a - a + 5*a + 13 - 3*a. Determine g(9).
-5
Let l(f) = 4*f + 4. Let m(z) be the second derivative of 5*z**3/6 + 5*z**2/2 + 3*z. Let v(x) = 6*l(x) - 5*m(x). Let b(p) = -p - 2. Let d be b(0). Give v(d).
1
Let f(x) = x**2 + 6*x + 2. Suppose 0 = -3*w - 5*u + 7, u - 9 - 2 = w. Let r be ((-22)/(-6))/(2/(-6)). Let m = r - w. Give f(m).
-3
Let t(x) be the second derivative of x**5/20 - x**4/2 + 3*x**2 - 20*x. Suppose 4 = -c - 5*n, 5*c + 0*c - 3*n = 36. Give t(c).
6
Let b(v) = v**3 + 8*v**2 - 1. Let o = 6 + -14. Calculate b(o).
-1
Let k(m) = 7 + 6 - m - 1 - 5. Suppose -3*j + 16 = j. Let a be 0*2*2/j. What is k(a)?
7
Let s(z) = -7*z + 5*z + 3*z + 2 + 3*z. Suppose -2*a + 2*c - 9 = 1, 0 = -5*a - 2*c - 4. Calculate s(a).
-6
Let i(m) = 2*m + 22*m**2 - 18*m**2 - m - 1 + m**3. Give i(-4).
-5
Let q(b) = -2*b + b - 1 + 0. Let u(m) be the second derivative of m**5/20 + m**4/12 - m**2/2 - 4*m. Let s be u(1). Give q(s).
-2
Suppose -4*g - 8 = 0, 3*n = 4*n - 3*g - 8. Let l(v) = -4 - 4 + v**2 - v**3 - 3 + 0*v**n. Calculate l(0).
-11
Let f(x) = 4*x + 19. Let m(t) = -5*t - 20. Let h(z) = -7*f(z) - 6*m(z). Determine h(11).
9
Let z(t) be the second derivative of t**8/6720 - t**7/630 - t**6/240 - t**4/4 + 3*t. Let d(k) be the third derivative of z(k). What is d(4)?
-12
Let m(n) = -1 + n**2 + n**3 - 6*n**2 - 5. Suppose 4*q - 4*y = 24, -2*q = 7*y - 2*y - 5. Determine m(q).
-6
Let j be (-1 + -1)/((-2)/3). Let d(r) = -r**2 + 10*r - 9. Let a be d(8). Suppose j*c - 1 = -a. Let w(i) = -i**2 + i + 2. Calculate w(c).
-4
Let a(s) = s**2 + 10*s + 18. Let h be a(-8). Suppose h*d - d - 1 = 0. Let o(t) = 9*t**2 + 2*t - 1. What is o(d)?
10
Let i(z) = -7*z**3 - 12*z**2 - 10*z + 10. Let a = 22 + -17. Let h(q) = 6*q**3 + 11*q**2 + 9*q - 9. Let u(l) = a*i(l) + 6*h(l). Determine u(-5).
1
Let i(w) be the first derivative of -2 - 1/2*w**2 - 1/6*w**3 - 2*w. Let g(c) be the first derivative of i(c). Give g(-5).
4
Suppose 0*s = -2*s + 14. Let k(p) = s*p + 5 + 3*p**2 + 4*p**3 - 5*p**3 - 3*p - 1. Calculate k(4).
4
Let d(c) = -c + 1. Let n(u) = -u**2 - 13*u - 4. Suppose 0 = 3*l + 2 + 37. Let o be n(l). What is d(o)?
5
Let l(a) = a**3 - 5*a**2 - 7*a + 9. Let b = -56 - -62. What is l(b)?
3
Let i(o) = -2*o - 2. Let a(l) = -5*l - 5. Let j(k) = -3*a(k) + 8*i(k). What is j(0)?
-1
Let d(r) = 7*r + 7. Let k(b) = 6*b + 6. Let x(g) = 5*d(g) - 6*k(g). Let a = -9 + 15. Suppose -6 = 4*p + a. Calculate x(p).
2
Let b(i) = 0*i + 4*i + 0*i + 9 - 5*i**2. Let h(u) = -14*u**2 + 11*u + 26. Let o(s) = -11*b(s) + 4*h(s). What is o(-4)?
-11
Let o = 3 - 3. Let n(a) = o*a + 3*a + 7 - 4*a - a. Determine n(5).
-3
Let x(a) = -10*a - 1. Suppose 15 - 3 = -3*o. Let h = o + 3. Give x(h).
9
Let x = 0 + 4. Let w(b) = 2 - 3 - 6*b + x + b**3 + 4*b**2. Let a(v) = v**3 + 4*v**2 - 6*v + 3. Let d(g) = 3*a(g) - 4*w(g). Give d(-5).
-8
Let a be 0/((2 + -1)*1). Let o(n) = 2*n**2 + 13. Let z(u) be the second derivative of u**4/12 + 3*u**2 - 3*u. Let c(j) = 6*o(j) - 13*z(j). Determine c(a).
0
Suppose 13*r - 16*r = 6. Let l be 26/(-13) - (-8)/r. Let q(v) = 3*v + 6. Give q(l).
-12
Let x(w) be the first derivative of 3*w**4/2 - 2*w**3/3 + w**2/2 - 18. Calculate x(1).
5
Let y(j) = -j - 4. Let x(i) = i + 3. Let o(w) = -4*x(w) - 3*y(w). Let f be o(-3). Let g(h) = -h**2 + 55825 - 55825 + 3*h. Determine g(f).
0
Let d(h) = 4*h + 1. Suppose 4*x - 2 = 2. What is d(x)?
5
Let m = -7 + 7. Let a(i) = -4*i